{"id":85,"date":"2015-08-18T12:31:02","date_gmt":"2015-08-18T12:31:02","guid":{"rendered":"http:\/\/www.albathyment.com.pl\/AlbaThyment\/?page_id=85"},"modified":"2018-11-27T12:36:24","modified_gmt":"2018-11-27T12:36:24","slug":"argol","status":"publish","type":"page","link":"https:\/\/www.albathyment.com.pl\/AlbaThyment\/marki\/argol\/","title":{"rendered":"Argol\u00aeEssenza Balsamica"},"content":{"rendered":"<div class='avia-image-container  av-styling-   av-small-hide av-mini-hide  avia-builder-el-0  el_before_av_image  avia-builder-el-first   avia-align-center '  itemprop=\"ImageObject\" itemscope=\"itemscope\" itemtype=\"https:\/\/schema.org\/ImageObject\"  ><div class='avia-image-container-inner'><div class='avia-image-overlay-wrap'><img class='avia_image' src='https:\/\/www.albathyment.com.pl\/AlbaThyment\/wp-content\/uploads\/2018\/10\/Alba-Thyment-Argol-min2-1030x599.jpg' alt='' title='Alba Thyment Argol-min2' height=\"599\" width=\"1030\"  itemprop=\"thumbnailUrl\"  \/><\/div><\/div><\/div>\n<div class='avia-image-container  av-styling-   av-desktop-hide av-medium-hide  avia-builder-el-1  el_after_av_image  el_before_av_one_full   avia-align-center '  itemprop=\"ImageObject\" itemscope=\"itemscope\" itemtype=\"https:\/\/schema.org\/ImageObject\"  ><div class='avia-image-container-inner'><div class='avia-image-overlay-wrap'><img class='avia_image' src='https:\/\/www.albathyment.com.pl\/AlbaThyment\/wp-content\/uploads\/2018\/10\/Alba-Thyment-Argol-min2-300x175.jpg' alt='' title='Alba Thyment Argol-min2' height=\"175\" width=\"300\"  itemprop=\"thumbnailUrl\"  \/><\/div><\/div><\/div>\n<div class=\"flex_column av_one_full  flex_column_div av-zero-column-padding first  avia-builder-el-2  el_after_av_image  el_before_av_section  avia-builder-el-last  \" style='background-color:rgba(255,255,255,0.4); border-radius:0px; '><section class=\"av_textblock_section \"  itemscope=\"itemscope\" itemtype=\"https:\/\/schema.org\/CreativeWork\" ><div class='avia_textblock  '   itemprop=\"text\" ><p lang=\"pl_PL\"><strong>PRODUKT DOST\u0118PNY TYLKO W DOBRYCH APTEKACH.<\/strong><\/p>\n<p><strong>ARGOL\u00ae ESSENZA BALSAMICA<\/strong>\u00a0jest preparatem pochodzenia ro\u015blinnego, w kt\u00f3rym substancjami czynnymi s\u0105 wybrane olejki eteryczne wyodr\u0119bnione z ro\u015blin i wyizolowany z olejku mi\u0119ty pieprzowej mentol. Zosta\u0142 sporz\u0105dzony wed\u0142ug opis\u00f3w farmakopealnych Esencji Karmelita\u0144skiej\u00a0&#8211;\u00a0leku ro\u015blinnego stosowanego od 1611 r. do dnia dzisiejszego, wed\u0142ug <em>Handbuch der Pharmazeutischen Praxis<\/em>, Berlin 1880 r. Zawiera sk\u0142adniki Esencji Karmelita\u0144skiej oraz dodatkowo olejki eteryczne tymianku, mi\u0119ty i mentol.<\/p>\n<p>Receptura taka odpowiada potwierdzonym w badaniach kliniczno-ambulatoryjnych zasadom wsp\u00f3\u0142czesnej fitoterapii chor\u00f3b infekcyjnych i zawiera: trzy olejki z grupy pi\u0119ciu olejk\u00f3w o znanym, najsilniejszym dzia\u0142aniu przeciw drobnoustrojom chorobotw\u00f3rczym, tj. olejki cynamonu, go\u017adzika i tymianku, trzy olejki, kt\u00f3rych takie dzia\u0142anie ujawnia si\u0119 w miejscu zaatakowanym drobnoustrojami, tj. olejki cytryny, mi\u0119ty i kolendry, oraz dwa olejki i sk\u0142adnik wyizolowany o dzia\u0142aniu wspomagaj\u0105cym, og\u00f3lnie uspokajaj\u0105cym, rozkurczaj\u0105cym i \u0142agodnie miejscowo znieczulaj\u0105cym: olejki melisy, muszkato\u0142owca i mentol naturalny. Skojarzenie olejku tymianku z olejkiem cytryny wp\u0142ywa ponadto na zwi\u0119kszenie w mieszaninie ich dzia\u0142ania przeciw drobnoustrojom chorobotw\u00f3rczym.<\/p>\n<\/div><\/section><\/div>\n<\/div><\/div><\/div><!-- close content main div --><\/div><\/div><div id='av_section_1' class='avia-section main_color avia-section-default avia-no-border-styling av-parallax-section av-section-color-overlay-active avia-bg-style-parallax  avia-builder-el-4  el_after_av_one_full  el_before_av_one_full   av-minimum-height av-minimum-height-custom container_wrap sidebar_right' style=' '  data-section-bg-repeat='no-repeat'><div class='av-parallax' data-avia-parallax-ratio='0.3' ><div class='av-parallax-inner main_color  avia-full-stretch' style = 'background-repeat: no-repeat; background-image: url(https:\/\/www.albathyment.com.pl\/AlbaThyment\/wp-content\/uploads\/2015\/08\/Argol-EB-80s-90s-2000s-BG1-1500x450.png);background-attachment: scroll; background-position: top center; ' ><\/div><\/div><div class='av-section-color-overlay-wrap'><div class='av-section-color-overlay' style='opacity: 0.7; background-color: #ffffff; background-image: url(https:\/\/www.albathyment.com.pl\/AlbaThyment\/wp-content\/themes\/enfold\/images\/background-images\/grain_bottom.png); background-repeat: repeat;'><\/div><a href='#next-section' title='' class='scroll-down-link '  aria-hidden='true' data-av_icon='\ue877' data-av_iconfont='entypo-fontello'><\/a><div class='container' style='height:140px'><div class='template-page content  av-content-small alpha units'><div class='post-entry post-entry-type-page post-entry-85'><div class='entry-content-wrapper clearfix'><\/div><\/div><\/div><!-- close content main div --><\/div><\/div><\/div><div id='after_section_1' class='main_color av_default_container_wrap container_wrap sidebar_right' style=' '  ><div class='container' ><div class='template-page content  av-content-small alpha units'><div class='post-entry post-entry-type-page post-entry-85'><div class='entry-content-wrapper clearfix'>\n<div class=\"flex_column av_one_full  flex_column_div av-zero-column-padding first  avia-builder-el-5  el_after_av_section  el_before_av_one_full  avia-builder-el-first  \" style='background-color:rgba(255,255,255,0.4); border-radius:0px; '><section class=\"av_textblock_section \"  itemscope=\"itemscope\" itemtype=\"https:\/\/schema.org\/CreativeWork\" ><div class='avia_textblock  '   itemprop=\"text\" ><h2><\/h2>\n<p><span style=\"line-height: 1.5;\">Dzi\u0119ki tym sk\u0142adnikom\u00a0<\/span><strong style=\"line-height: 1.5;\">ARGOL\u00ae ESSENZA BALSAMICA<\/strong><span style=\"line-height: 1.5;\">\u00a0jest stosowany jako \u015brodek pomocniczy o dzia\u0142aniu przeciwzapalnym, przeciwb\u00f3lowym i antyseptycznym w ostrych i przewlek\u0142ych schorzeniach g\u00f3rnych dr\u00f3g oddechowych, gard\u0142a, krtani, zatok przynosowych oraz \u015bluz\u00f3wki jamy ustnej. W praktyce szpitalno-ambulatoryjnej obserwowano zmniejszanie si\u0119 obrz\u0119k\u00f3w \u015bluz\u00f3wki i ropnych nalot\u00f3w, zmniejszanie si\u0119 b\u00f3lu oraz szybsze i skuteczniejsze gojenie si\u0119 owrzodze\u0144.<\/span><\/p>\n<p lang=\"pl-PL\"><strong>ARGOL\u00ae ESSENZA BALSAMICA<\/strong>\u00a0dzia\u0142a korzystnie w ostrym zapaleniu migda\u0142k\u00f3w podniebiennych, przewlek\u0142ym, zanikowym zapaleniu \u015bluz\u00f3wki gard\u0142a, przewlek\u0142ym nawracaj\u0105cym zapaleniu krtani oraz zatok przynosowych.<\/p>\n<p lang=\"pl-PL\"><strong>ARGOL\u00ae ESSENZA BALSAMICA<\/strong>\u00a0u\u0142atwia odkrztuszanie i usuwanie wydzielin ropno-\u015bluzowych. \u0141agodzi kaszel, chrypk\u0119, usuwa uczucie sucho\u015bci w gardle.<\/p>\n<\/div><\/section><br \/>\n<div class='av-hotspot-image-container avia_animate_when_almost_visible   avia_animated_image avia_animate_when_almost_visible fade-in av-hotspot-blank av-mobile-fallback-active    avia-builder-el-7  el_after_av_textblock  avia-builder-el-last  av-non-fullwidth-hotspot-image '  itemprop=\"ImageObject\" itemscope=\"itemscope\" itemtype=\"https:\/\/schema.org\/ImageObject\"  ><div class='av-hotspot-container'><div class='av-hotspot-container-inner-cell'><div class='av-hotspot-container-inner-wrap'><div class='av-image-hotspot' data-avia-tooltip-position='top' data-avia-tooltip-alignment='left' data-avia-tooltip-class='av-tt-default-width av-tt-pos-above av-tt-align-left  av-mobile-fallback-active  main_color av-tt-hotspot' data-avia-tooltip='&lt;p&gt;Argol\u00ae Essenza Balsamica 50 ml&lt;\/p&gt;\n' style='top: 78.8%; left: 28.3%; '><div class='av-image-hotspot_inner' style=' '>1<\/div><div class='av-image-hotspot-pulse' ><\/div><\/div><div class='av-image-hotspot' data-avia-tooltip-position='top' data-avia-tooltip-alignment='left' data-avia-tooltip-class='av-tt-default-width av-tt-pos-above av-tt-align-left  av-mobile-fallback-active  main_color av-tt-hotspot' data-avia-tooltip='&lt;p&gt;Argol\u00ae Essenza Balsamica Spray&lt;\/p&gt;\n' style='top: 78.8%; left: 55%; '><div class='av-image-hotspot_inner' style=' '>2<\/div><div class='av-image-hotspot-pulse' ><\/div><\/div><div class='av-image-hotspot' data-avia-tooltip-position='top' data-avia-tooltip-alignment='left' data-avia-tooltip-class='av-tt-default-width av-tt-pos-above av-tt-align-left  av-mobile-fallback-active  main_color av-tt-hotspot' data-avia-tooltip='&lt;p&gt;Argol\u00ae Essenza Balsamica 100ml&lt;\/p&gt;\n' style='top: 78.8%; left: 87.5%; '><div class='av-image-hotspot_inner' style=' '>3<\/div><div class='av-image-hotspot-pulse' ><\/div><\/div><img class='avia_image ' src='https:\/\/www.albathyment.com.pl\/AlbaThyment\/wp-content\/uploads\/2015\/09\/Argol-Line.png' alt='' title='Argol Line'  height=\"312\"width=\"599\"  itemprop=\"thumbnailUrl\"  \/><\/div><\/div><\/div><div class='av-hotspot-fallback-tooltip'><div class='av-hotspot-fallback-tooltip-count'>1<div class='avia-arrow'><\/div><\/div><div class='av-hotspot-fallback-tooltip-inner clearfix'><p>\nArgol\u00ae Essenza Balsamica 50 ml<\/p>\n<\/div><\/div><div class='av-hotspot-fallback-tooltip'><div class='av-hotspot-fallback-tooltip-count'>2<div class='avia-arrow'><\/div><\/div><div class='av-hotspot-fallback-tooltip-inner clearfix'><p>\nArgol\u00ae Essenza Balsamica Spray<\/p>\n<\/div><\/div><div class='av-hotspot-fallback-tooltip'><div class='av-hotspot-fallback-tooltip-count'>3<div class='avia-arrow'><\/div><\/div><div class='av-hotspot-fallback-tooltip-inner clearfix'><p>\nArgol\u00ae Essenza Balsamica 100ml<\/p>\n<\/div><\/div><\/div><\/p><\/div>\n<div class=\"flex_column av_one_full  flex_column_div av-zero-column-padding first  avia-builder-el-8  el_after_av_one_full  avia-builder-el-last  column-top-margin\" style='background-color:rgba(255,255,255,0.4); border-radius:0px; '><section class=\"av_textblock_section  av-desktop-hide av-medium-hide av-small-hide av-mini-hide\"  itemscope=\"itemscope\" itemtype=\"https:\/\/schema.org\/CreativeWork\" ><div class='avia_textblock  '   itemprop=\"text\" ><h2><\/h2>\n<p><strong>WSKAZANIA<\/strong><\/p>\n<p lang=\"pl-PL\">Jako \u015brodek pomocniczy:<\/p>\n<p>&#8211; w ostrych i przewlek\u0142ych schorzeniach dr\u00f3g oddechowych, zapaleniu gard\u0142a, krtani, anginie, kaszlu, chrypce, podra\u017cnieniu strun g\u0142osowych &#8211; stosowany w postaci inhalacji, p\u0142ukania, spryskiwania, podawany doustnie w mieszaninie z miodem. Zewn\u0119trznie do ok\u0142ad\u00f3w;<\/p>\n<p>&#8211; w nie\u017cytach \u015bluz\u00f3wki nosa, katarze, zapaleniu zatok przynosowych &#8211; w postaci inhalacji;<\/p>\n<p>&#8211; w nie\u017cytowym wrzodziej\u0105cym zapaleniu jamy ustnej, dzi\u0105se\u0142, j\u0119zyka, zapaleniu przyz\u0119bia, parodontozie, nawracaj\u0105cych aftozach &#8211; do p\u0142ukania, spryskiwania lub p\u0119dzlowania;<\/p>\n<p>&#8211;\u00a0w b\u00f3lu ucha &#8211; do nacierania okolic ucha;<\/p>\n<p>&#8211; w przezi\u0119bieniach, grypach, b\u00f3lu g\u0142owy, migrenach &#8211; stosowany doustnie, do nacierania skroni, czo\u0142a, karku, klatki piersiowej;<\/p>\n<p>&#8211; przy z\u0142ym samopoczuciu, napi\u0119ciach nerwowych, chorobie lokomocyjnej &#8211; stosowany doustnie lub w postaci inhalacji;<\/p>\n<p>&#8211; przy zaburzeniach trawiennych, nudno\u015bciach &#8211; stosowany doustnie;<\/p>\n<p>&#8211; przy b\u00f3lach stawowo-mi\u0119\u015bniowych, dolegliwo\u015bciach reumatycznych, lumbago, niedokrwieniu ko\u0144czyn &#8211; do nacierania, masa\u017cu, k\u0105pieli;<\/p>\n<p>&#8211; w przypadku podra\u017cnienia sk\u00f3ry, wyprysk\u00f3w, \u015bwi\u0105du sk\u00f3ry &#8211; do smarowania lub miejscowo na wacie.<\/p>\n<p>Ponadto\u00a0<strong>ARGOL\u00ae ESSENZA BALSAMICA<\/strong>\u00a0mo\u017ce by\u0107 stosowany do masa\u017cu leczniczego oraz k\u0105pieli orze\u017awiaj\u0105co-uspokajaj\u0105cych.<\/p>\n<\/div><\/section><\/div>\n","protected":false},"excerpt":{"rendered":"","protected":false},"author":1,"featured_media":0,"parent":28,"menu_order":1,"comment_status":"closed","ping_status":"closed","template":"","meta":[],"yoast_head":"<!-- This site is optimized with the Yoast SEO plugin v20.7 - https:\/\/yoast.com\/wordpress\/plugins\/seo\/ -->\n<title>Argol Essenza Balsamica - naturalny polski lek zio\u0142owy<\/title>\n<meta name=\"description\" content=\"Argol Essenza Balsamica jest preparatem pochodzenia ro\u015blinnego, w kt\u00f3rym substancjami czynnymi s\u0105 wybrane olejki eteryczne wyodr\u0119bnione z ro\u015blin.\" \/>\n<meta name=\"robots\" content=\"index, follow, max-snippet:-1, max-image-preview:large, max-video-preview:-1\" \/>\n<link rel=\"canonical\" href=\"https:\/\/www.albathyment.com.pl\/AlbaThyment\/marki\/argol\/\" \/>\n<meta property=\"og:locale\" content=\"pl_PL\" \/>\n<meta property=\"og:type\" content=\"article\" \/>\n<meta property=\"og:title\" content=\"Argol Essenza Balsamica - naturalny polski lek zio\u0142owy\" \/>\n<meta property=\"og:description\" content=\"Argol Essenza Balsamica jest preparatem pochodzenia ro\u015blinnego, w kt\u00f3rym substancjami czynnymi s\u0105 wybrane olejki eteryczne wyodr\u0119bnione z ro\u015blin.\" \/>\n<meta property=\"og:url\" content=\"https:\/\/www.albathyment.com.pl\/AlbaThyment\/marki\/argol\/\" \/>\n<meta property=\"og:site_name\" content=\"Alba Thyment Sp. zo.o.\" \/>\n<meta property=\"article:publisher\" content=\"https:\/\/www.facebook.com\/essenzabalsamica\/?fref=ts\" \/>\n<meta property=\"article:modified_time\" content=\"2018-11-27T12:36:24+00:00\" \/>\n<meta name=\"twitter:card\" content=\"summary_large_image\" \/>\n<meta name=\"twitter:label1\" content=\"Szacowany czas czytania\" \/>\n\t<meta name=\"twitter:data1\" content=\"6 minut\" \/>\n<script type=\"application\/ld+json\" class=\"yoast-schema-graph\">{\"@context\":\"https:\/\/schema.org\",\"@graph\":[{\"@type\":\"WebPage\",\"@id\":\"https:\/\/www.albathyment.com.pl\/AlbaThyment\/marki\/argol\/\",\"url\":\"https:\/\/www.albathyment.com.pl\/AlbaThyment\/marki\/argol\/\",\"name\":\"Argol Essenza Balsamica - naturalny polski lek zio\u0142owy\",\"isPartOf\":{\"@id\":\"https:\/\/www.albathyment.com.pl\/AlbaThyment\/#website\"},\"datePublished\":\"2015-08-18T12:31:02+00:00\",\"dateModified\":\"2018-11-27T12:36:24+00:00\",\"description\":\"Argol Essenza Balsamica jest preparatem pochodzenia ro\u015blinnego, w kt\u00f3rym substancjami czynnymi s\u0105 wybrane olejki eteryczne wyodr\u0119bnione z ro\u015blin.\",\"breadcrumb\":{\"@id\":\"https:\/\/www.albathyment.com.pl\/AlbaThyment\/marki\/argol\/#breadcrumb\"},\"inLanguage\":\"pl-PL\",\"potentialAction\":[{\"@type\":\"ReadAction\",\"target\":[\"https:\/\/www.albathyment.com.pl\/AlbaThyment\/marki\/argol\/\"]}]},{\"@type\":\"BreadcrumbList\",\"@id\":\"https:\/\/www.albathyment.com.pl\/AlbaThyment\/marki\/argol\/#breadcrumb\",\"itemListElement\":[{\"@type\":\"ListItem\",\"position\":1,\"name\":\"Home\",\"item\":\"https:\/\/www.albathyment.com.pl\/AlbaThyment\/\"},{\"@type\":\"ListItem\",\"position\":2,\"name\":\"Marki\",\"item\":\"https:\/\/www.albathyment.com.pl\/AlbaThyment\/marki\/\"},{\"@type\":\"ListItem\",\"position\":3,\"name\":\"Argol\u00aeEssenza Balsamica\"}]},{\"@type\":\"WebSite\",\"@id\":\"https:\/\/www.albathyment.com.pl\/AlbaThyment\/#website\",\"url\":\"https:\/\/www.albathyment.com.pl\/AlbaThyment\/\",\"name\":\"Alba Thyment Sp. zo.o.\",\"description\":\"manufactory of healthy cosmetics and natural pharmaceuticals\",\"potentialAction\":[{\"@type\":\"SearchAction\",\"target\":{\"@type\":\"EntryPoint\",\"urlTemplate\":\"https:\/\/www.albathyment.com.pl\/AlbaThyment\/?s={search_term_string}\"},\"query-input\":\"required name=search_term_string\"}],\"inLanguage\":\"pl-PL\"}]}<\/script>\n<!-- \/ Yoast SEO plugin. -->","yoast_head_json":{"title":"Argol Essenza Balsamica - naturalny polski lek zio\u0142owy","description":"Argol Essenza Balsamica jest preparatem pochodzenia ro\u015blinnego, w kt\u00f3rym substancjami czynnymi s\u0105 wybrane olejki eteryczne wyodr\u0119bnione z ro\u015blin.","robots":{"index":"index","follow":"follow","max-snippet":"max-snippet:-1","max-image-preview":"max-image-preview:large","max-video-preview":"max-video-preview:-1"},"canonical":"https:\/\/www.albathyment.com.pl\/AlbaThyment\/marki\/argol\/","og_locale":"pl_PL","og_type":"article","og_title":"Argol Essenza Balsamica - naturalny polski lek zio\u0142owy","og_description":"Argol Essenza Balsamica jest preparatem pochodzenia ro\u015blinnego, w kt\u00f3rym substancjami czynnymi s\u0105 wybrane olejki eteryczne wyodr\u0119bnione z ro\u015blin.","og_url":"https:\/\/www.albathyment.com.pl\/AlbaThyment\/marki\/argol\/","og_site_name":"Alba Thyment Sp. zo.o.","article_publisher":"https:\/\/www.facebook.com\/essenzabalsamica\/?fref=ts","article_modified_time":"2018-11-27T12:36:24+00:00","twitter_card":"summary_large_image","twitter_misc":{"Szacowany czas czytania":"6 minut"},"schema":{"@context":"https:\/\/schema.org","@graph":[{"@type":"WebPage","@id":"https:\/\/www.albathyment.com.pl\/AlbaThyment\/marki\/argol\/","url":"https:\/\/www.albathyment.com.pl\/AlbaThyment\/marki\/argol\/","name":"Argol Essenza Balsamica - naturalny polski lek zio\u0142owy","isPartOf":{"@id":"https:\/\/www.albathyment.com.pl\/AlbaThyment\/#website"},"datePublished":"2015-08-18T12:31:02+00:00","dateModified":"2018-11-27T12:36:24+00:00","description":"Argol Essenza Balsamica jest preparatem pochodzenia ro\u015blinnego, w kt\u00f3rym substancjami czynnymi s\u0105 wybrane olejki eteryczne wyodr\u0119bnione z ro\u015blin.","breadcrumb":{"@id":"https:\/\/www.albathyment.com.pl\/AlbaThyment\/marki\/argol\/#breadcrumb"},"inLanguage":"pl-PL","potentialAction":[{"@type":"ReadAction","target":["https:\/\/www.albathyment.com.pl\/AlbaThyment\/marki\/argol\/"]}]},{"@type":"BreadcrumbList","@id":"https:\/\/www.albathyment.com.pl\/AlbaThyment\/marki\/argol\/#breadcrumb","itemListElement":[{"@type":"ListItem","position":1,"name":"Home","item":"https:\/\/www.albathyment.com.pl\/AlbaThyment\/"},{"@type":"ListItem","position":2,"name":"Marki","item":"https:\/\/www.albathyment.com.pl\/AlbaThyment\/marki\/"},{"@type":"ListItem","position":3,"name":"Argol\u00aeEssenza Balsamica"}]},{"@type":"WebSite","@id":"https:\/\/www.albathyment.com.pl\/AlbaThyment\/#website","url":"https:\/\/www.albathyment.com.pl\/AlbaThyment\/","name":"Alba Thyment Sp. zo.o.","description":"manufactory of healthy cosmetics and natural pharmaceuticals","potentialAction":[{"@type":"SearchAction","target":{"@type":"EntryPoint","urlTemplate":"https:\/\/www.albathyment.com.pl\/AlbaThyment\/?s={search_term_string}"},"query-input":"required name=search_term_string"}],"inLanguage":"pl-PL"}]}},"_links":{"self":[{"href":"https:\/\/www.albathyment.com.pl\/AlbaThyment\/wp-json\/wp\/v2\/pages\/85"}],"collection":[{"href":"https:\/\/www.albathyment.com.pl\/AlbaThyment\/wp-json\/wp\/v2\/pages"}],"about":[{"href":"https:\/\/www.albathyment.com.pl\/AlbaThyment\/wp-json\/wp\/v2\/types\/page"}],"author":[{"embeddable":true,"href":"https:\/\/www.albathyment.com.pl\/AlbaThyment\/wp-json\/wp\/v2\/users\/1"}],"replies":[{"embeddable":true,"href":"https:\/\/www.albathyment.com.pl\/AlbaThyment\/wp-json\/wp\/v2\/comments?post=85"}],"version-history":[{"count":33,"href":"https:\/\/www.albathyment.com.pl\/AlbaThyment\/wp-json\/wp\/v2\/pages\/85\/revisions"}],"predecessor-version":[{"id":6277,"href":"https:\/\/www.albathyment.com.pl\/AlbaThyment\/wp-json\/wp\/v2\/pages\/85\/revisions\/6277"}],"up":[{"embeddable":true,"href":"https:\/\/www.albathyment.com.pl\/AlbaThyment\/wp-json\/wp\/v2\/pages\/28"}],"wp:attachment":[{"href":"https:\/\/www.albathyment.com.pl\/AlbaThyment\/wp-json\/wp\/v2\/media?parent=85"}],"curies":[{"name":"wp","href":"https:\/\/api.w.org\/{rel}","templated":true}]}}