{"id":83,"date":"2015-08-18T12:30:22","date_gmt":"2015-08-18T12:30:22","guid":{"rendered":"http:\/\/www.albathyment.com.pl\/AlbaThyment\/?page_id=83"},"modified":"2018-09-14T07:37:23","modified_gmt":"2018-09-14T07:37:23","slug":"balsamique","status":"publish","type":"page","link":"https:\/\/www.albathyment.com.pl\/AlbaThyment\/marki\/balsamique\/","title":{"rendered":"Balsamique"},"content":{"rendered":"<div id='layer_slider_1' class='avia-layerslider main_color avia-shadow  avia-builder-el-0  el_before_av_one_full  avia-builder-el-first  container_wrap sidebar_right' style='  height: 301px;' ><\/div><div id='after_layer_slider_1' class='main_color av_default_container_wrap container_wrap sidebar_right' style=' '  ><div class='container' ><div class='template-page content  av-content-small alpha units'><div class='post-entry post-entry-type-page post-entry-83'><div class='entry-content-wrapper clearfix'>\n<div class=\"flex_column av_one_full  flex_column_div av-zero-column-padding first  avia-builder-el-1  el_after_av_layerslider  el_before_av_one_full  avia-builder-el-first  \" style='border-radius:0px; '><section class=\"av_textblock_section \"  itemscope=\"itemscope\" itemtype=\"https:\/\/schema.org\/CreativeWork\" ><div class='avia_textblock  '   itemprop=\"text\" ><p style=\"text-align: justify;\"><strong>BALSAMIQUE\u00ae Professional<\/strong> to preparaty zawieraj\u0105ce bogaty zestaw naturalnych ekstrakt\u00f3w ro\u015blinnych oraz olejk\u00f3w eterycznych dobranych przy wsp\u00f3\u0142pracy z profesjonalnymi masa\u017cystami. Starannie wyselekcjonowane sk\u0142adniki intensywnie wspomagaj\u0105 proces ochronny, regeneracji i piel\u0119gnacji sk\u00f3ry.<\/p>\n<p style=\"text-align: justify;\">Wysokiej jako\u015bci oleje naturalne reguluj\u0105 gospodark\u0119 lipidow\u0105 sk\u00f3ry, od\u017cywiaj\u0105 j\u0105, nawil\u017caj\u0105 i regeneruj\u0105 oraz posiadaj\u0105 w\u0142a\u015bciwo\u015bci odm\u0142adzaj\u0105ce. Oleje te u\u0142atwiaj\u0105 tak\u017ce przenikanie substancji czynnych do g\u0142\u0119bokich warstw sk\u00f3ry. Bardzo dobry po\u015blizg, du\u017ca ilo\u015b\u0107 substancji czynnych od\u017cywczych, przyjemny zapach i wch\u0142anianie si\u0119 preparatu pod koniec masa\u017cu zapewniaj\u0105 komfort zar\u00f3wno pacjentow i jak i masa\u017cy\u015bcie.<\/p>\n<p>Produkty <strong>BALSAMIQUE\u00ae Professional<\/strong> nie zawieraj\u0105 syntetycznych barwnik\u00f3w i konserwant\u00f3w. Stabilizowane s\u0105 witamin\u0105 E i lecytyn\u0105.<\/p>\n<\/div><\/section><\/div>\n<div class=\"flex_column av_one_full  flex_column_div av-zero-column-padding first  avia-builder-el-3  el_after_av_one_full  avia-builder-el-last  column-top-margin\" style='border-radius:0px; '><div class='avia-button-wrap avia-button-center  avia-builder-el-4  avia-builder-el-no-sibling  '><a href='http:\/\/www.albathyment.com.pl\/AlbaThyment\/store\/'  class='avia-button   avia-icon_select-no avia-color-theme-color avia-size-small avia-position-center '   ><span class='avia_iconbox_title' >Przejd\u017a do sklepu<\/span><\/a><\/div><\/div>\n","protected":false},"excerpt":{"rendered":"","protected":false},"author":1,"featured_media":0,"parent":28,"menu_order":0,"comment_status":"closed","ping_status":"closed","template":"","meta":[],"yoast_head":"<!-- This site is optimized with the Yoast SEO plugin v20.7 - https:\/\/yoast.com\/wordpress\/plugins\/seo\/ -->\n<title>Balsamique - profesjonalne balsamy i oliwki do masa\u017cu<\/title>\n<meta name=\"description\" content=\"BALSAMIQUE Professional to preparaty zawieraj\u0105ce bogaty zestaw naturalnych ekstrakt\u00f3w ro\u015blinnych oraz olejk\u00f3w eterycznych dobranych przy wsp\u00f3\u0142pracy z profesjonalnymi masa\u017cystami. Starannie wyselekcjonowane sk\u0142adniki intensywnie wspomagaj\u0105 proces ochronny, regeneracji i piel\u0119gnacji sk\u00f3ry.\" \/>\n<meta name=\"robots\" content=\"index, follow, max-snippet:-1, max-image-preview:large, max-video-preview:-1\" \/>\n<link rel=\"canonical\" href=\"https:\/\/www.albathyment.com.pl\/AlbaThyment\/marki\/balsamique\/\" \/>\n<meta property=\"og:locale\" content=\"pl_PL\" \/>\n<meta property=\"og:type\" content=\"article\" \/>\n<meta property=\"og:title\" content=\"Balsamique - profesjonalne balsamy i oliwki do masa\u017cu\" \/>\n<meta property=\"og:description\" content=\"BALSAMIQUE Professional to preparaty zawieraj\u0105ce bogaty zestaw naturalnych ekstrakt\u00f3w ro\u015blinnych oraz olejk\u00f3w eterycznych dobranych przy wsp\u00f3\u0142pracy z profesjonalnymi masa\u017cystami. Starannie wyselekcjonowane sk\u0142adniki intensywnie wspomagaj\u0105 proces ochronny, regeneracji i piel\u0119gnacji sk\u00f3ry.\" \/>\n<meta property=\"og:url\" content=\"https:\/\/www.albathyment.com.pl\/AlbaThyment\/marki\/balsamique\/\" \/>\n<meta property=\"og:site_name\" content=\"Alba Thyment Sp. zo.o.\" \/>\n<meta property=\"article:publisher\" content=\"https:\/\/www.facebook.com\/essenzabalsamica\/?fref=ts\" \/>\n<meta property=\"article:modified_time\" content=\"2018-09-14T07:37:23+00:00\" \/>\n<meta name=\"twitter:card\" content=\"summary_large_image\" \/>\n<meta name=\"twitter:label1\" content=\"Szacowany czas czytania\" \/>\n\t<meta name=\"twitter:data1\" content=\"1 minuta\" \/>\n<script type=\"application\/ld+json\" class=\"yoast-schema-graph\">{\"@context\":\"https:\/\/schema.org\",\"@graph\":[{\"@type\":\"WebPage\",\"@id\":\"https:\/\/www.albathyment.com.pl\/AlbaThyment\/marki\/balsamique\/\",\"url\":\"https:\/\/www.albathyment.com.pl\/AlbaThyment\/marki\/balsamique\/\",\"name\":\"Balsamique - profesjonalne balsamy i oliwki do masa\u017cu\",\"isPartOf\":{\"@id\":\"https:\/\/www.albathyment.com.pl\/AlbaThyment\/#website\"},\"datePublished\":\"2015-08-18T12:30:22+00:00\",\"dateModified\":\"2018-09-14T07:37:23+00:00\",\"description\":\"BALSAMIQUE Professional to preparaty zawieraj\u0105ce bogaty zestaw naturalnych ekstrakt\u00f3w ro\u015blinnych oraz olejk\u00f3w eterycznych dobranych przy wsp\u00f3\u0142pracy z profesjonalnymi masa\u017cystami. Starannie wyselekcjonowane sk\u0142adniki intensywnie wspomagaj\u0105 proces ochronny, regeneracji i piel\u0119gnacji sk\u00f3ry.\",\"breadcrumb\":{\"@id\":\"https:\/\/www.albathyment.com.pl\/AlbaThyment\/marki\/balsamique\/#breadcrumb\"},\"inLanguage\":\"pl-PL\",\"potentialAction\":[{\"@type\":\"ReadAction\",\"target\":[\"https:\/\/www.albathyment.com.pl\/AlbaThyment\/marki\/balsamique\/\"]}]},{\"@type\":\"BreadcrumbList\",\"@id\":\"https:\/\/www.albathyment.com.pl\/AlbaThyment\/marki\/balsamique\/#breadcrumb\",\"itemListElement\":[{\"@type\":\"ListItem\",\"position\":1,\"name\":\"Home\",\"item\":\"https:\/\/www.albathyment.com.pl\/AlbaThyment\/\"},{\"@type\":\"ListItem\",\"position\":2,\"name\":\"Marki\",\"item\":\"https:\/\/www.albathyment.com.pl\/AlbaThyment\/marki\/\"},{\"@type\":\"ListItem\",\"position\":3,\"name\":\"Balsamique\"}]},{\"@type\":\"WebSite\",\"@id\":\"https:\/\/www.albathyment.com.pl\/AlbaThyment\/#website\",\"url\":\"https:\/\/www.albathyment.com.pl\/AlbaThyment\/\",\"name\":\"Alba Thyment Sp. zo.o.\",\"description\":\"manufactory of healthy cosmetics and natural pharmaceuticals\",\"potentialAction\":[{\"@type\":\"SearchAction\",\"target\":{\"@type\":\"EntryPoint\",\"urlTemplate\":\"https:\/\/www.albathyment.com.pl\/AlbaThyment\/?s={search_term_string}\"},\"query-input\":\"required name=search_term_string\"}],\"inLanguage\":\"pl-PL\"}]}<\/script>\n<!-- \/ Yoast SEO plugin. -->","yoast_head_json":{"title":"Balsamique - profesjonalne balsamy i oliwki do masa\u017cu","description":"BALSAMIQUE Professional to preparaty zawieraj\u0105ce bogaty zestaw naturalnych ekstrakt\u00f3w ro\u015blinnych oraz olejk\u00f3w eterycznych dobranych przy wsp\u00f3\u0142pracy z profesjonalnymi masa\u017cystami. Starannie wyselekcjonowane sk\u0142adniki intensywnie wspomagaj\u0105 proces ochronny, regeneracji i piel\u0119gnacji sk\u00f3ry.","robots":{"index":"index","follow":"follow","max-snippet":"max-snippet:-1","max-image-preview":"max-image-preview:large","max-video-preview":"max-video-preview:-1"},"canonical":"https:\/\/www.albathyment.com.pl\/AlbaThyment\/marki\/balsamique\/","og_locale":"pl_PL","og_type":"article","og_title":"Balsamique - profesjonalne balsamy i oliwki do masa\u017cu","og_description":"BALSAMIQUE Professional to preparaty zawieraj\u0105ce bogaty zestaw naturalnych ekstrakt\u00f3w ro\u015blinnych oraz olejk\u00f3w eterycznych dobranych przy wsp\u00f3\u0142pracy z profesjonalnymi masa\u017cystami. Starannie wyselekcjonowane sk\u0142adniki intensywnie wspomagaj\u0105 proces ochronny, regeneracji i piel\u0119gnacji sk\u00f3ry.","og_url":"https:\/\/www.albathyment.com.pl\/AlbaThyment\/marki\/balsamique\/","og_site_name":"Alba Thyment Sp. zo.o.","article_publisher":"https:\/\/www.facebook.com\/essenzabalsamica\/?fref=ts","article_modified_time":"2018-09-14T07:37:23+00:00","twitter_card":"summary_large_image","twitter_misc":{"Szacowany czas czytania":"1 minuta"},"schema":{"@context":"https:\/\/schema.org","@graph":[{"@type":"WebPage","@id":"https:\/\/www.albathyment.com.pl\/AlbaThyment\/marki\/balsamique\/","url":"https:\/\/www.albathyment.com.pl\/AlbaThyment\/marki\/balsamique\/","name":"Balsamique - profesjonalne balsamy i oliwki do masa\u017cu","isPartOf":{"@id":"https:\/\/www.albathyment.com.pl\/AlbaThyment\/#website"},"datePublished":"2015-08-18T12:30:22+00:00","dateModified":"2018-09-14T07:37:23+00:00","description":"BALSAMIQUE Professional to preparaty zawieraj\u0105ce bogaty zestaw naturalnych ekstrakt\u00f3w ro\u015blinnych oraz olejk\u00f3w eterycznych dobranych przy wsp\u00f3\u0142pracy z profesjonalnymi masa\u017cystami. Starannie wyselekcjonowane sk\u0142adniki intensywnie wspomagaj\u0105 proces ochronny, regeneracji i piel\u0119gnacji sk\u00f3ry.","breadcrumb":{"@id":"https:\/\/www.albathyment.com.pl\/AlbaThyment\/marki\/balsamique\/#breadcrumb"},"inLanguage":"pl-PL","potentialAction":[{"@type":"ReadAction","target":["https:\/\/www.albathyment.com.pl\/AlbaThyment\/marki\/balsamique\/"]}]},{"@type":"BreadcrumbList","@id":"https:\/\/www.albathyment.com.pl\/AlbaThyment\/marki\/balsamique\/#breadcrumb","itemListElement":[{"@type":"ListItem","position":1,"name":"Home","item":"https:\/\/www.albathyment.com.pl\/AlbaThyment\/"},{"@type":"ListItem","position":2,"name":"Marki","item":"https:\/\/www.albathyment.com.pl\/AlbaThyment\/marki\/"},{"@type":"ListItem","position":3,"name":"Balsamique"}]},{"@type":"WebSite","@id":"https:\/\/www.albathyment.com.pl\/AlbaThyment\/#website","url":"https:\/\/www.albathyment.com.pl\/AlbaThyment\/","name":"Alba Thyment Sp. zo.o.","description":"manufactory of healthy cosmetics and natural pharmaceuticals","potentialAction":[{"@type":"SearchAction","target":{"@type":"EntryPoint","urlTemplate":"https:\/\/www.albathyment.com.pl\/AlbaThyment\/?s={search_term_string}"},"query-input":"required name=search_term_string"}],"inLanguage":"pl-PL"}]}},"_links":{"self":[{"href":"https:\/\/www.albathyment.com.pl\/AlbaThyment\/wp-json\/wp\/v2\/pages\/83"}],"collection":[{"href":"https:\/\/www.albathyment.com.pl\/AlbaThyment\/wp-json\/wp\/v2\/pages"}],"about":[{"href":"https:\/\/www.albathyment.com.pl\/AlbaThyment\/wp-json\/wp\/v2\/types\/page"}],"author":[{"embeddable":true,"href":"https:\/\/www.albathyment.com.pl\/AlbaThyment\/wp-json\/wp\/v2\/users\/1"}],"replies":[{"embeddable":true,"href":"https:\/\/www.albathyment.com.pl\/AlbaThyment\/wp-json\/wp\/v2\/comments?post=83"}],"version-history":[{"count":8,"href":"https:\/\/www.albathyment.com.pl\/AlbaThyment\/wp-json\/wp\/v2\/pages\/83\/revisions"}],"predecessor-version":[{"id":3446,"href":"https:\/\/www.albathyment.com.pl\/AlbaThyment\/wp-json\/wp\/v2\/pages\/83\/revisions\/3446"}],"up":[{"embeddable":true,"href":"https:\/\/www.albathyment.com.pl\/AlbaThyment\/wp-json\/wp\/v2\/pages\/28"}],"wp:attachment":[{"href":"https:\/\/www.albathyment.com.pl\/AlbaThyment\/wp-json\/wp\/v2\/media?parent=83"}],"curies":[{"name":"wp","href":"https:\/\/api.w.org\/{rel}","templated":true}]}}