{"id":26,"date":"2015-08-18T09:25:56","date_gmt":"2015-08-18T09:25:56","guid":{"rendered":"http:\/\/www.albathyment.com.pl\/AlbaThyment\/?page_id=26"},"modified":"2018-04-18T13:39:12","modified_gmt":"2018-04-18T13:39:12","slug":"o-nas","status":"publish","type":"page","link":"https:\/\/www.albathyment.com.pl\/AlbaThyment\/o-nas\/","title":{"rendered":"O nas"},"content":{"rendered":"<div class='flex_column_table av-equal-height-column-flextable -flextable' ><div class=\"flex_column av_one_half  flex_column_table_cell av-equal-height-column av-align-middle av-zero-column-padding first  avia-builder-el-0  el_before_av_one_half  avia-builder-el-first  \" style='border-radius:0px; '><section class=\"av_textblock_section \"  itemscope=\"itemscope\" itemtype=\"https:\/\/schema.org\/CreativeWork\" ><div class='avia_textblock  '   itemprop=\"text\" ><p><strong>Alba Thyment Sp. z o.o.<\/strong> to polska rodzinna firma farmaceutyczno-kosmetyczna. Od 1913 r. s\u0142yniemy z wytwarzanej w Poznaniu prawdziwej Esencji Karmelita\u0144skiej o nazwie Argol\u00ae Essenza Balsamica. <em>Zdrowie jest pi\u0119kne<\/em> to nie tylko nasze has\u0142o reklamowe, ale r\u00f3wnie\u017c filozofia. Produktami tworzonymi z naturalnych sk\u0142adnik\u00f3w oraz sprawnym sposobem zarz\u0105dzania wspieranym przez nowoczesne technologie zdobywamy uznanie w wielu konkursach. Prowadzimy firm\u0119 w spos\u00f3b oparty na harmonii mi\u0119dzy aktywno\u015bci\u0105 w pracy i poza ni\u0105. Cenimy wysok\u0105 jako\u015b\u0107 w biznesie, co przek\u0142ada si\u0119 na trosk\u0119 o poziom \u017cycia i zdrowia.<\/p>\n<\/div><\/section><\/div><div class='av-flex-placeholder'><\/div><div class=\"flex_column av_one_half  flex_column_table_cell av-equal-height-column av-align-middle av-zero-column-padding   avia-builder-el-2  el_after_av_one_half  el_before_av_one_half  \" style='border-radius:0px; '><div class='avia-image-container  av-styling-    avia-builder-el-3  avia-builder-el-no-sibling   avia-align-center '  itemprop=\"ImageObject\" itemscope=\"itemscope\" itemtype=\"https:\/\/schema.org\/ImageObject\"  ><div class='avia-image-container-inner'><div class='avia-image-overlay-wrap'><img class='avia_image' src='https:\/\/www.albathyment.com.pl\/AlbaThyment\/wp-content\/uploads\/2015\/08\/argol_front_small-300x176.png' alt='' title='argol_front_small' height=\"176\" width=\"300\"  itemprop=\"thumbnailUrl\"  \/><\/div><\/div><\/div><\/div><\/div><!--close column table wrapper. Autoclose: 1 --><\/p>\n<div class=\"flex_column av_one_half  flex_column_div av-zero-column-padding first  avia-builder-el-4  el_after_av_one_half  el_before_av_one_half  column-top-margin\" style='border-radius:0px; '><div class='avia-image-container  av-styling-    avia-builder-el-5  avia-builder-el-no-sibling   avia-align-center '  itemprop=\"ImageObject\" itemscope=\"itemscope\" itemtype=\"https:\/\/schema.org\/ImageObject\"  ><div class='avia-image-container-inner'><div class='avia-image-overlay-wrap'><img class='avia_image' src='https:\/\/www.albathyment.com.pl\/AlbaThyment\/wp-content\/uploads\/2015\/09\/Butle-Vintage-300x200.jpg' alt='' title='Butle - Vintage' height=\"200\" width=\"300\"  itemprop=\"thumbnailUrl\"  \/><\/div><\/div><\/div><\/div>\n<div class=\"flex_column av_one_half  flex_column_div av-zero-column-padding   avia-builder-el-6  el_after_av_one_half  el_before_av_one_half  column-top-margin\" style='border-radius:0px; '><section class=\"av_textblock_section \"  itemscope=\"itemscope\" itemtype=\"https:\/\/schema.org\/CreativeWork\" ><div class='avia_textblock  '   itemprop=\"text\" ><p>Wypracowywana przez stulecia wiedza medyczna, w kt\u00f3rej rol\u0119 zasadnicz\u0105 pe\u0142ni\u0142y ro\u015bliny lecznicze, zosta\u0142a wprowadzona do terminologii medycznej na pocz\u0105tku XX wieku jako fitoterapia (grec. <em>phyto<\/em> \u2013 ro\u015blina, <em>terapia<\/em> \u2013 leczenie). Olejki eteryczne od najdawniejszych czas\u00f3w u\u017cywane by\u0142y jako substancje zapachowe, balsamiczne oraz lecznicze.\u00a0Odpowiednio dobrane i umiej\u0119tnie stosowane okaza\u0142y si\u0119 r\u00f3wnie skuteczne jak niekt\u00f3re antybiotyki i chemicznie spreparowane \u015brodki lecznicze, maj\u0105c nad nimi t\u0119 przewag\u0119, \u017ce z regu\u0142y nie daj\u0105 skutk\u00f3w ubocznych.<\/p>\n<\/div><\/section><\/div>\n<div class=\"flex_column av_one_half  flex_column_div av-zero-column-padding first  avia-builder-el-8  el_after_av_one_half  el_before_av_one_half  column-top-margin\" style='border-radius:0px; '><section class=\"av_textblock_section \"  itemscope=\"itemscope\" itemtype=\"https:\/\/schema.org\/CreativeWork\" ><div class='avia_textblock  '   itemprop=\"text\" ><p>W laboratorium Alby czerpiemy z tradycji zielarskiej i nowoczesnej fitoterapii. Od stu lat wykorzystujemy si\u0142\u0119 dzia\u0142ania naturalnych olejk\u00f3w eterycznych. Najstarszym naszym produktem jest tradycyjny lek zio\u0142owy \u2013 Argol\u00ae Essenza Balsamica. Do dzi\u015b opracowali\u015bmy wiele produkt\u00f3w stymuluj\u0105cych dobr\u0105 kondycj\u0119.<\/p>\n<p>Poprzez standardy GMP (ang. Dobra Praktyka Produkcyjna) zapewniamy pe\u0142n\u0105 kontrol\u0119 nad wytwarzaniem preparat\u00f3w oraz nad jako\u015bci\u0105 i pochodzeniem surowc\u00f3w. Inwestujemy regularnie, by stworzy\u0107 dogodne warunki do pracy i stymulowa\u0107 zr\u00f3wnowa\u017cony rozw\u00f3j przedsi\u0119biorstwa.<\/p>\n<\/div><\/section><\/div>\n<div class=\"flex_column av_one_half  flex_column_div av-zero-column-padding   avia-builder-el-10  el_after_av_one_half  el_before_av_one_full  column-top-margin\" style='border-radius:0px; '><div class='avia-image-container  av-styling-    avia-builder-el-11  avia-builder-el-no-sibling   avia-align-center '  itemprop=\"ImageObject\" itemscope=\"itemscope\" itemtype=\"https:\/\/schema.org\/ImageObject\"  ><div class='avia-image-container-inner'><div class='avia-image-overlay-wrap'><img class='avia_image' src='https:\/\/www.albathyment.com.pl\/AlbaThyment\/wp-content\/uploads\/2015\/09\/IMG_0026-300x190.jpg' alt='' title='IMG_0026' height=\"190\" width=\"300\"  itemprop=\"thumbnailUrl\"  \/><\/div><\/div><\/div><\/div>\n<div class=\"flex_column av_one_full  flex_column_div av-zero-column-padding first  avia-builder-el-12  el_after_av_one_half  avia-builder-el-last  column-top-margin\" style='border-radius:0px; '><\/div>\n","protected":false},"excerpt":{"rendered":"","protected":false},"author":1,"featured_media":0,"parent":0,"menu_order":0,"comment_status":"closed","ping_status":"closed","template":"","meta":[],"yoast_head":"<!-- This site is optimized with the Yoast SEO plugin v20.7 - https:\/\/yoast.com\/wordpress\/plugins\/seo\/ -->\n<title>O marce Alba Thyment<\/title>\n<meta name=\"description\" content=\"Alba Thyment Sp. z o.o. to polska rodzinna firma farmaceutyczno-kosmetyczna. Od 1913 r. s\u0142yniemy z wytwarzanej w Poznaniu prawdziwej Esencji Karmelita\u0144skiej o nazwie Argol\u00ae Essenza Balsamica. Zdrowie jest pi\u0119kne to nie tylko nasze has\u0142o reklamowe, ale r\u00f3wnie\u017c filozofia.\" \/>\n<meta name=\"robots\" content=\"index, follow, max-snippet:-1, max-image-preview:large, max-video-preview:-1\" \/>\n<link rel=\"canonical\" href=\"https:\/\/www.albathyment.com.pl\/AlbaThyment\/o-nas\/\" \/>\n<meta property=\"og:locale\" content=\"pl_PL\" \/>\n<meta property=\"og:type\" content=\"article\" \/>\n<meta property=\"og:title\" content=\"O marce Alba Thyment\" \/>\n<meta property=\"og:description\" content=\"Alba Thyment Sp. z o.o. to polska rodzinna firma farmaceutyczno-kosmetyczna. Od 1913 r. s\u0142yniemy z wytwarzanej w Poznaniu prawdziwej Esencji Karmelita\u0144skiej o nazwie Argol\u00ae Essenza Balsamica. Zdrowie jest pi\u0119kne to nie tylko nasze has\u0142o reklamowe, ale r\u00f3wnie\u017c filozofia.\" \/>\n<meta property=\"og:url\" content=\"https:\/\/www.albathyment.com.pl\/AlbaThyment\/o-nas\/\" \/>\n<meta property=\"og:site_name\" content=\"Alba Thyment Sp. zo.o.\" \/>\n<meta property=\"article:publisher\" content=\"https:\/\/www.facebook.com\/essenzabalsamica\/?fref=ts\" \/>\n<meta property=\"article:modified_time\" content=\"2018-04-18T13:39:12+00:00\" \/>\n<meta name=\"twitter:card\" content=\"summary_large_image\" \/>\n<meta name=\"twitter:label1\" content=\"Szacowany czas czytania\" \/>\n\t<meta name=\"twitter:data1\" content=\"4 minuty\" \/>\n<script type=\"application\/ld+json\" class=\"yoast-schema-graph\">{\"@context\":\"https:\/\/schema.org\",\"@graph\":[{\"@type\":\"WebPage\",\"@id\":\"https:\/\/www.albathyment.com.pl\/AlbaThyment\/o-nas\/\",\"url\":\"https:\/\/www.albathyment.com.pl\/AlbaThyment\/o-nas\/\",\"name\":\"O marce Alba Thyment\",\"isPartOf\":{\"@id\":\"https:\/\/www.albathyment.com.pl\/AlbaThyment\/#website\"},\"datePublished\":\"2015-08-18T09:25:56+00:00\",\"dateModified\":\"2018-04-18T13:39:12+00:00\",\"description\":\"Alba Thyment Sp. z o.o. to polska rodzinna firma farmaceutyczno-kosmetyczna. Od 1913 r. s\u0142yniemy z wytwarzanej w Poznaniu prawdziwej Esencji Karmelita\u0144skiej o nazwie Argol\u00ae Essenza Balsamica. Zdrowie jest pi\u0119kne to nie tylko nasze has\u0142o reklamowe, ale r\u00f3wnie\u017c filozofia.\",\"breadcrumb\":{\"@id\":\"https:\/\/www.albathyment.com.pl\/AlbaThyment\/o-nas\/#breadcrumb\"},\"inLanguage\":\"pl-PL\",\"potentialAction\":[{\"@type\":\"ReadAction\",\"target\":[\"https:\/\/www.albathyment.com.pl\/AlbaThyment\/o-nas\/\"]}]},{\"@type\":\"BreadcrumbList\",\"@id\":\"https:\/\/www.albathyment.com.pl\/AlbaThyment\/o-nas\/#breadcrumb\",\"itemListElement\":[{\"@type\":\"ListItem\",\"position\":1,\"name\":\"Home\",\"item\":\"https:\/\/www.albathyment.com.pl\/AlbaThyment\/\"},{\"@type\":\"ListItem\",\"position\":2,\"name\":\"O nas\"}]},{\"@type\":\"WebSite\",\"@id\":\"https:\/\/www.albathyment.com.pl\/AlbaThyment\/#website\",\"url\":\"https:\/\/www.albathyment.com.pl\/AlbaThyment\/\",\"name\":\"Alba Thyment Sp. zo.o.\",\"description\":\"manufactory of healthy cosmetics and natural pharmaceuticals\",\"potentialAction\":[{\"@type\":\"SearchAction\",\"target\":{\"@type\":\"EntryPoint\",\"urlTemplate\":\"https:\/\/www.albathyment.com.pl\/AlbaThyment\/?s={search_term_string}\"},\"query-input\":\"required name=search_term_string\"}],\"inLanguage\":\"pl-PL\"}]}<\/script>\n<!-- \/ Yoast SEO plugin. -->","yoast_head_json":{"title":"O marce Alba Thyment","description":"Alba Thyment Sp. z o.o. to polska rodzinna firma farmaceutyczno-kosmetyczna. Od 1913 r. s\u0142yniemy z wytwarzanej w Poznaniu prawdziwej Esencji Karmelita\u0144skiej o nazwie Argol\u00ae Essenza Balsamica. Zdrowie jest pi\u0119kne to nie tylko nasze has\u0142o reklamowe, ale r\u00f3wnie\u017c filozofia.","robots":{"index":"index","follow":"follow","max-snippet":"max-snippet:-1","max-image-preview":"max-image-preview:large","max-video-preview":"max-video-preview:-1"},"canonical":"https:\/\/www.albathyment.com.pl\/AlbaThyment\/o-nas\/","og_locale":"pl_PL","og_type":"article","og_title":"O marce Alba Thyment","og_description":"Alba Thyment Sp. z o.o. to polska rodzinna firma farmaceutyczno-kosmetyczna. Od 1913 r. s\u0142yniemy z wytwarzanej w Poznaniu prawdziwej Esencji Karmelita\u0144skiej o nazwie Argol\u00ae Essenza Balsamica. Zdrowie jest pi\u0119kne to nie tylko nasze has\u0142o reklamowe, ale r\u00f3wnie\u017c filozofia.","og_url":"https:\/\/www.albathyment.com.pl\/AlbaThyment\/o-nas\/","og_site_name":"Alba Thyment Sp. zo.o.","article_publisher":"https:\/\/www.facebook.com\/essenzabalsamica\/?fref=ts","article_modified_time":"2018-04-18T13:39:12+00:00","twitter_card":"summary_large_image","twitter_misc":{"Szacowany czas czytania":"4 minuty"},"schema":{"@context":"https:\/\/schema.org","@graph":[{"@type":"WebPage","@id":"https:\/\/www.albathyment.com.pl\/AlbaThyment\/o-nas\/","url":"https:\/\/www.albathyment.com.pl\/AlbaThyment\/o-nas\/","name":"O marce Alba Thyment","isPartOf":{"@id":"https:\/\/www.albathyment.com.pl\/AlbaThyment\/#website"},"datePublished":"2015-08-18T09:25:56+00:00","dateModified":"2018-04-18T13:39:12+00:00","description":"Alba Thyment Sp. z o.o. to polska rodzinna firma farmaceutyczno-kosmetyczna. Od 1913 r. s\u0142yniemy z wytwarzanej w Poznaniu prawdziwej Esencji Karmelita\u0144skiej o nazwie Argol\u00ae Essenza Balsamica. Zdrowie jest pi\u0119kne to nie tylko nasze has\u0142o reklamowe, ale r\u00f3wnie\u017c filozofia.","breadcrumb":{"@id":"https:\/\/www.albathyment.com.pl\/AlbaThyment\/o-nas\/#breadcrumb"},"inLanguage":"pl-PL","potentialAction":[{"@type":"ReadAction","target":["https:\/\/www.albathyment.com.pl\/AlbaThyment\/o-nas\/"]}]},{"@type":"BreadcrumbList","@id":"https:\/\/www.albathyment.com.pl\/AlbaThyment\/o-nas\/#breadcrumb","itemListElement":[{"@type":"ListItem","position":1,"name":"Home","item":"https:\/\/www.albathyment.com.pl\/AlbaThyment\/"},{"@type":"ListItem","position":2,"name":"O nas"}]},{"@type":"WebSite","@id":"https:\/\/www.albathyment.com.pl\/AlbaThyment\/#website","url":"https:\/\/www.albathyment.com.pl\/AlbaThyment\/","name":"Alba Thyment Sp. zo.o.","description":"manufactory of healthy cosmetics and natural pharmaceuticals","potentialAction":[{"@type":"SearchAction","target":{"@type":"EntryPoint","urlTemplate":"https:\/\/www.albathyment.com.pl\/AlbaThyment\/?s={search_term_string}"},"query-input":"required name=search_term_string"}],"inLanguage":"pl-PL"}]}},"_links":{"self":[{"href":"https:\/\/www.albathyment.com.pl\/AlbaThyment\/wp-json\/wp\/v2\/pages\/26"}],"collection":[{"href":"https:\/\/www.albathyment.com.pl\/AlbaThyment\/wp-json\/wp\/v2\/pages"}],"about":[{"href":"https:\/\/www.albathyment.com.pl\/AlbaThyment\/wp-json\/wp\/v2\/types\/page"}],"author":[{"embeddable":true,"href":"https:\/\/www.albathyment.com.pl\/AlbaThyment\/wp-json\/wp\/v2\/users\/1"}],"replies":[{"embeddable":true,"href":"https:\/\/www.albathyment.com.pl\/AlbaThyment\/wp-json\/wp\/v2\/comments?post=26"}],"version-history":[{"count":33,"href":"https:\/\/www.albathyment.com.pl\/AlbaThyment\/wp-json\/wp\/v2\/pages\/26\/revisions"}],"predecessor-version":[{"id":3286,"href":"https:\/\/www.albathyment.com.pl\/AlbaThyment\/wp-json\/wp\/v2\/pages\/26\/revisions\/3286"}],"wp:attachment":[{"href":"https:\/\/www.albathyment.com.pl\/AlbaThyment\/wp-json\/wp\/v2\/media?parent=26"}],"curies":[{"name":"wp","href":"https:\/\/api.w.org\/{rel}","templated":true}]}}